{"id":1651,"date":"2019-05-30T08:42:24","date_gmt":"2019-05-30T11:42:24","guid":{"rendered":"https:\/\/fbef.org.br\/?page_id=1651"},"modified":"2023-04-03T11:48:06","modified_gmt":"2023-04-03T14:48:06","slug":"francides-gomes","status":"publish","type":"page","link":"https:\/\/fundoprimatera.org.br\/site\/francides-gomes\/","title":{"rendered":"Francides Gomes"},"content":{"rendered":"\t\t<div data-elementor-type=\"wp-post\" data-elementor-id=\"1651\" class=\"elementor elementor-1651\" data-elementor-post-type=\"page\">\n\t\t\t\t\t\t<section class=\"elementor-section elementor-inner-section elementor-element elementor-element-78968258 elementor-section-boxed elementor-section-height-default elementor-section-height-default\" data-id=\"78968258\" data-element_type=\"section\" data-e-type=\"section\">\n\t\t\t\t\t\t<div class=\"elementor-container elementor-column-gap-no\">\n\t\t\t\t\t<div class=\"elementor-column elementor-col-100 elementor-inner-column elementor-element elementor-element-2612e7a elementor-invisible\" data-id=\"2612e7a\" data-element_type=\"column\" data-e-type=\"column\" data-settings=\"{&quot;background_background&quot;:&quot;classic&quot;,&quot;animation&quot;:&quot;fadeInUp&quot;}\">\n\t\t\t<div class=\"elementor-widget-wrap elementor-element-populated\">\n\t\t\t\t\t\t<div class=\"elementor-element elementor-element-1f76695c elementor-widget elementor-widget-image\" data-id=\"1f76695c\" data-element_type=\"widget\" data-e-type=\"widget\" data-widget_type=\"image.default\">\n\t\t\t\t<div class=\"elementor-widget-container\">\n\t\t\t\t\t\t\t\t\t\t\t\t\t\t\t<img decoding=\"async\" width=\"150\" height=\"150\" src=\"https:\/\/fundoprimatera.org.br\/site\/wp-content\/uploads\/2019\/05\/01-150x150.jpg\" class=\"attachment-thumbnail size-thumbnail wp-image-61\" alt=\"\" srcset=\"https:\/\/fundoprimatera.org.br\/site\/wp-content\/uploads\/2019\/05\/01-150x150.jpg 150w, https:\/\/fundoprimatera.org.br\/site\/wp-content\/uploads\/2019\/05\/01.jpg 250w\" sizes=\"(max-width: 150px) 100vw, 150px\" \/>\t\t\t\t\t\t\t\t\t\t\t\t\t\t\t<\/div>\n\t\t\t\t<\/div>\n\t\t\t\t<div class=\"elementor-element elementor-element-7ecef473 elementor-widget elementor-widget-heading\" data-id=\"7ecef473\" data-element_type=\"widget\" data-e-type=\"widget\" data-widget_type=\"heading.default\">\n\t\t\t\t<div class=\"elementor-widget-container\">\n\t\t\t\t\t<h2 class=\"elementor-heading-title elementor-size-large\">Francides Gomes<\/h2>\t\t\t\t<\/div>\n\t\t\t\t<\/div>\n\t\t\t\t<div class=\"elementor-element elementor-element-55c72dec elementor-widget elementor-widget-heading\" data-id=\"55c72dec\" data-element_type=\"widget\" data-e-type=\"widget\" data-widget_type=\"heading.default\">\n\t\t\t\t<div class=\"elementor-widget-container\">\n\t\t\t\t\t<h2 class=\"elementor-heading-title elementor-size-large\">USP<\/h2>\t\t\t\t<\/div>\n\t\t\t\t<\/div>\n\t\t\t\t<div class=\"elementor-element elementor-element-3500bf5a elementor-widget elementor-widget-text-editor\" data-id=\"3500bf5a\" data-element_type=\"widget\" data-e-type=\"widget\" data-widget_type=\"text-editor.default\">\n\t\t\t\t<div class=\"elementor-widget-container\">\n\t\t\t\t\t\t\t\t\t<p>Engenheiro Florestal formado pela Universidade de Bras\u00edlia, Mestre pela Universidade de S\u00e3o Paulo e IPT, Doutor em Engenharia Qu\u00edmica pela Universidade Estadual de Campinas, p\u00f3s-doutorado no Institute of Paper Science and Technology (Atlanta \u2013 EUA) e na North Carolina State University (Raleigh \u2013 EUA).\u00a0<\/p><p>Trabalhou na CELPAV\/VCP antes de ingressar como Professor do Departamento de Ci\u00eancias Florestais da Escola Superior de Agricultura Luiz de Queiroz da Universidade de S\u00e3o Paulo na \u00e1rea de Celulose e Papel, Tecnologia de Produtos Florestais e Bioferinaria.<\/p>\t\t\t\t\t\t\t\t<\/div>\n\t\t\t\t<\/div>\n\t\t\t\t\t<\/div>\n\t\t<\/div>\n\t\t\t\t\t<\/div>\n\t\t<\/section>\n\t\t\t\t<\/div>\n\t\t","protected":false},"excerpt":{"rendered":"<p>Francides Gomes USP Engenheiro Florestal formado pela Universidade de Bras\u00edlia, Mestre pela Universidade de S\u00e3o Paulo e IPT, Doutor em Engenharia Qu\u00edmica pela Universidade Estadual de Campinas, p\u00f3s-doutorado no Institute of Paper Science and Technology (Atlanta \u2013 EUA) e na North Carolina State University (Raleigh \u2013 EUA).\u00a0 Trabalhou na CELPAV\/VCP antes de ingressar como Professor [&hellip;]<\/p>\n","protected":false},"author":1,"featured_media":0,"parent":0,"menu_order":0,"comment_status":"closed","ping_status":"closed","template":"","meta":{"footnotes":""},"class_list":["post-1651","page","type-page","status-publish","hentry"],"yoast_head":"<!-- This site is optimized with the Yoast SEO plugin v27.5 - https:\/\/yoast.com\/product\/yoast-seo-wordpress\/ -->\n<title>Francides Gomes - Primatera Fundo Patrimonial<\/title>\n<meta name=\"robots\" content=\"index, follow, max-snippet:-1, max-image-preview:large, max-video-preview:-1\" \/>\n<link rel=\"canonical\" href=\"https:\/\/fundoprimatera.org.br\/site\/francides-gomes\/\" \/>\n<meta property=\"og:locale\" content=\"pt_BR\" \/>\n<meta property=\"og:type\" content=\"article\" \/>\n<meta property=\"og:title\" content=\"Francides Gomes - Primatera Fundo Patrimonial\" \/>\n<meta property=\"og:description\" content=\"Francides Gomes USP Engenheiro Florestal formado pela Universidade de Bras\u00edlia, Mestre pela Universidade de S\u00e3o Paulo e IPT, Doutor em Engenharia Qu\u00edmica pela Universidade Estadual de Campinas, p\u00f3s-doutorado no Institute of Paper Science and Technology (Atlanta \u2013 EUA) e na North Carolina State University (Raleigh \u2013 EUA).\u00a0 Trabalhou na CELPAV\/VCP antes de ingressar como Professor [&hellip;]\" \/>\n<meta property=\"og:url\" content=\"https:\/\/fundoprimatera.org.br\/site\/francides-gomes\/\" \/>\n<meta property=\"og:site_name\" content=\"Primatera Fundo Patrimonial\" \/>\n<meta property=\"article:modified_time\" content=\"2023-04-03T14:48:06+00:00\" \/>\n<meta property=\"og:image\" content=\"https:\/\/fundoprimatera.org.br\/site\/wp-content\/uploads\/2019\/05\/01-150x150.jpg\" \/>\n<meta name=\"twitter:card\" content=\"summary_large_image\" \/>\n<meta name=\"twitter:label1\" content=\"Est. tempo de leitura\" \/>\n\t<meta name=\"twitter:data1\" content=\"1 minuto\" \/>\n<script type=\"application\/ld+json\" class=\"yoast-schema-graph\">{\"@context\":\"https:\\\/\\\/schema.org\",\"@graph\":[{\"@type\":\"WebPage\",\"@id\":\"https:\\\/\\\/fundoprimatera.org.br\\\/site\\\/francides-gomes\\\/\",\"url\":\"https:\\\/\\\/fundoprimatera.org.br\\\/site\\\/francides-gomes\\\/\",\"name\":\"Francides Gomes - Primatera Fundo Patrimonial\",\"isPartOf\":{\"@id\":\"https:\\\/\\\/fundoprimatera.org.br\\\/site\\\/#website\"},\"primaryImageOfPage\":{\"@id\":\"https:\\\/\\\/fundoprimatera.org.br\\\/site\\\/francides-gomes\\\/#primaryimage\"},\"image\":{\"@id\":\"https:\\\/\\\/fundoprimatera.org.br\\\/site\\\/francides-gomes\\\/#primaryimage\"},\"thumbnailUrl\":\"https:\\\/\\\/fundoprimatera.org.br\\\/site\\\/wp-content\\\/uploads\\\/2019\\\/05\\\/01-150x150.jpg\",\"datePublished\":\"2019-05-30T11:42:24+00:00\",\"dateModified\":\"2023-04-03T14:48:06+00:00\",\"breadcrumb\":{\"@id\":\"https:\\\/\\\/fundoprimatera.org.br\\\/site\\\/francides-gomes\\\/#breadcrumb\"},\"inLanguage\":\"pt-BR\",\"potentialAction\":[{\"@type\":\"ReadAction\",\"target\":[\"https:\\\/\\\/fundoprimatera.org.br\\\/site\\\/francides-gomes\\\/\"]}]},{\"@type\":\"ImageObject\",\"inLanguage\":\"pt-BR\",\"@id\":\"https:\\\/\\\/fundoprimatera.org.br\\\/site\\\/francides-gomes\\\/#primaryimage\",\"url\":\"https:\\\/\\\/fundoprimatera.org.br\\\/site\\\/wp-content\\\/uploads\\\/2019\\\/05\\\/01.jpg\",\"contentUrl\":\"https:\\\/\\\/fundoprimatera.org.br\\\/site\\\/wp-content\\\/uploads\\\/2019\\\/05\\\/01.jpg\",\"width\":250,\"height\":250},{\"@type\":\"BreadcrumbList\",\"@id\":\"https:\\\/\\\/fundoprimatera.org.br\\\/site\\\/francides-gomes\\\/#breadcrumb\",\"itemListElement\":[{\"@type\":\"ListItem\",\"position\":1,\"name\":\"In\u00edcio\",\"item\":\"https:\\\/\\\/fundoprimatera.org.br\\\/site\\\/\"},{\"@type\":\"ListItem\",\"position\":2,\"name\":\"Francides Gomes\"}]},{\"@type\":\"WebSite\",\"@id\":\"https:\\\/\\\/fundoprimatera.org.br\\\/site\\\/#website\",\"url\":\"https:\\\/\\\/fundoprimatera.org.br\\\/site\\\/\",\"name\":\"Primatera Fundo Patrimonial\",\"description\":\"Primatera Fundo Patrimonial\",\"potentialAction\":[{\"@type\":\"SearchAction\",\"target\":{\"@type\":\"EntryPoint\",\"urlTemplate\":\"https:\\\/\\\/fundoprimatera.org.br\\\/site\\\/?s={search_term_string}\"},\"query-input\":{\"@type\":\"PropertyValueSpecification\",\"valueRequired\":true,\"valueName\":\"search_term_string\"}}],\"inLanguage\":\"pt-BR\"}]}<\/script>\n<!-- \/ Yoast SEO plugin. -->","yoast_head_json":{"title":"Francides Gomes - Primatera Fundo Patrimonial","robots":{"index":"index","follow":"follow","max-snippet":"max-snippet:-1","max-image-preview":"max-image-preview:large","max-video-preview":"max-video-preview:-1"},"canonical":"https:\/\/fundoprimatera.org.br\/site\/francides-gomes\/","og_locale":"pt_BR","og_type":"article","og_title":"Francides Gomes - Primatera Fundo Patrimonial","og_description":"Francides Gomes USP Engenheiro Florestal formado pela Universidade de Bras\u00edlia, Mestre pela Universidade de S\u00e3o Paulo e IPT, Doutor em Engenharia Qu\u00edmica pela Universidade Estadual de Campinas, p\u00f3s-doutorado no Institute of Paper Science and Technology (Atlanta \u2013 EUA) e na North Carolina State University (Raleigh \u2013 EUA).\u00a0 Trabalhou na CELPAV\/VCP antes de ingressar como Professor [&hellip;]","og_url":"https:\/\/fundoprimatera.org.br\/site\/francides-gomes\/","og_site_name":"Primatera Fundo Patrimonial","article_modified_time":"2023-04-03T14:48:06+00:00","og_image":[{"url":"https:\/\/fundoprimatera.org.br\/site\/wp-content\/uploads\/2019\/05\/01-150x150.jpg","type":"","width":"","height":""}],"twitter_card":"summary_large_image","twitter_misc":{"Est. tempo de leitura":"1 minuto"},"schema":{"@context":"https:\/\/schema.org","@graph":[{"@type":"WebPage","@id":"https:\/\/fundoprimatera.org.br\/site\/francides-gomes\/","url":"https:\/\/fundoprimatera.org.br\/site\/francides-gomes\/","name":"Francides Gomes - Primatera Fundo Patrimonial","isPartOf":{"@id":"https:\/\/fundoprimatera.org.br\/site\/#website"},"primaryImageOfPage":{"@id":"https:\/\/fundoprimatera.org.br\/site\/francides-gomes\/#primaryimage"},"image":{"@id":"https:\/\/fundoprimatera.org.br\/site\/francides-gomes\/#primaryimage"},"thumbnailUrl":"https:\/\/fundoprimatera.org.br\/site\/wp-content\/uploads\/2019\/05\/01-150x150.jpg","datePublished":"2019-05-30T11:42:24+00:00","dateModified":"2023-04-03T14:48:06+00:00","breadcrumb":{"@id":"https:\/\/fundoprimatera.org.br\/site\/francides-gomes\/#breadcrumb"},"inLanguage":"pt-BR","potentialAction":[{"@type":"ReadAction","target":["https:\/\/fundoprimatera.org.br\/site\/francides-gomes\/"]}]},{"@type":"ImageObject","inLanguage":"pt-BR","@id":"https:\/\/fundoprimatera.org.br\/site\/francides-gomes\/#primaryimage","url":"https:\/\/fundoprimatera.org.br\/site\/wp-content\/uploads\/2019\/05\/01.jpg","contentUrl":"https:\/\/fundoprimatera.org.br\/site\/wp-content\/uploads\/2019\/05\/01.jpg","width":250,"height":250},{"@type":"BreadcrumbList","@id":"https:\/\/fundoprimatera.org.br\/site\/francides-gomes\/#breadcrumb","itemListElement":[{"@type":"ListItem","position":1,"name":"In\u00edcio","item":"https:\/\/fundoprimatera.org.br\/site\/"},{"@type":"ListItem","position":2,"name":"Francides Gomes"}]},{"@type":"WebSite","@id":"https:\/\/fundoprimatera.org.br\/site\/#website","url":"https:\/\/fundoprimatera.org.br\/site\/","name":"Primatera Fundo Patrimonial","description":"Primatera Fundo Patrimonial","potentialAction":[{"@type":"SearchAction","target":{"@type":"EntryPoint","urlTemplate":"https:\/\/fundoprimatera.org.br\/site\/?s={search_term_string}"},"query-input":{"@type":"PropertyValueSpecification","valueRequired":true,"valueName":"search_term_string"}}],"inLanguage":"pt-BR"}]}},"_links":{"self":[{"href":"https:\/\/fundoprimatera.org.br\/site\/wp-json\/wp\/v2\/pages\/1651","targetHints":{"allow":["GET"]}}],"collection":[{"href":"https:\/\/fundoprimatera.org.br\/site\/wp-json\/wp\/v2\/pages"}],"about":[{"href":"https:\/\/fundoprimatera.org.br\/site\/wp-json\/wp\/v2\/types\/page"}],"author":[{"embeddable":true,"href":"https:\/\/fundoprimatera.org.br\/site\/wp-json\/wp\/v2\/users\/1"}],"replies":[{"embeddable":true,"href":"https:\/\/fundoprimatera.org.br\/site\/wp-json\/wp\/v2\/comments?post=1651"}],"version-history":[{"count":7,"href":"https:\/\/fundoprimatera.org.br\/site\/wp-json\/wp\/v2\/pages\/1651\/revisions"}],"predecessor-version":[{"id":1923,"href":"https:\/\/fundoprimatera.org.br\/site\/wp-json\/wp\/v2\/pages\/1651\/revisions\/1923"}],"wp:attachment":[{"href":"https:\/\/fundoprimatera.org.br\/site\/wp-json\/wp\/v2\/media?parent=1651"}],"curies":[{"name":"wp","href":"https:\/\/api.w.org\/{rel}","templated":true}]}}

<div data-elementor-type="wp-post" data-elementor-id="1651" class="elementor elementor-1651" data-elementor-post-type="page">
						<section class="elementor-section elementor-inner-section elementor-element elementor-element-78968258 elementor-section-boxed elementor-section-height-default elementor-section-height-default" data-id="78968258" data-element_type="section" data-e-type="section">
						<div class="elementor-container elementor-column-gap-no">
					<div class="elementor-column elementor-col-100 elementor-inner-column elementor-element elementor-element-2612e7a elementor-invisible" data-id="2612e7a" data-element_type="column" data-e-type="column" data-settings="{&quot;background_background&quot;:&quot;classic&quot;,&quot;animation&quot;:&quot;fadeInUp&quot;}">
			<div class="elementor-widget-wrap elementor-element-populated">
						<div class="elementor-element elementor-element-1f76695c elementor-widget elementor-widget-image" data-id="1f76695c" data-element_type="widget" data-e-type="widget" data-widget_type="image.default">
				<div class="elementor-widget-container">
															<img decoding="async" width="150" height="150" src="https://fundoprimatera.org.br/site/wp-content/uploads/2019/05/01-150x150.jpg" class="attachment-thumbnail size-thumbnail wp-image-61" alt="" srcset="https://fundoprimatera.org.br/site/wp-content/uploads/2019/05/01-150x150.jpg 150w, https://fundoprimatera.org.br/site/wp-content/uploads/2019/05/01.jpg 250w" sizes="(max-width: 150px) 100vw, 150px" />															</div>
				</div>
				<div class="elementor-element elementor-element-7ecef473 elementor-widget elementor-widget-heading" data-id="7ecef473" data-element_type="widget" data-e-type="widget" data-widget_type="heading.default">
				<div class="elementor-widget-container">
					<h2 class="elementor-heading-title elementor-size-large">Francides Gomes</h2>				</div>
				</div>
				<div class="elementor-element elementor-element-55c72dec elementor-widget elementor-widget-heading" data-id="55c72dec" data-element_type="widget" data-e-type="widget" data-widget_type="heading.default">
				<div class="elementor-widget-container">
					<h2 class="elementor-heading-title elementor-size-large">USP</h2>				</div>
				</div>
				<div class="elementor-element elementor-element-3500bf5a elementor-widget elementor-widget-text-editor" data-id="3500bf5a" data-element_type="widget" data-e-type="widget" data-widget_type="text-editor.default">
				<div class="elementor-widget-container">
									<p>Engenheiro Florestal formado pela Universidade de Brasília, Mestre pela Universidade de São Paulo e IPT, Doutor em Engenharia Química pela Universidade Estadual de Campinas, pós-doutorado no Institute of Paper Science and Technology (Atlanta – EUA) e na North Carolina State University (Raleigh – EUA). </p><p>Trabalhou na CELPAV/VCP antes de ingressar como Professor do Departamento de Ciências Florestais da Escola Superior de Agricultura Luiz de Queiroz da Universidade de São Paulo na área de Celulose e Papel, Tecnologia de Produtos Florestais e Bioferinaria.</p>								</div>
				</div>
					</div>
		</div>
					</div>
		</section>
				</div>

<p>Francides Gomes USP Engenheiro Florestal formado pela Universidade de Brasília, Mestre pela Universidade de São Paulo e IPT, Doutor em Engenharia Química pela Universidade Estadual de Campinas, pós-doutorado no Institute of Paper Science and Technology (Atlanta – EUA) e na North Carolina State University (Raleigh – EUA).  Trabalhou na CELPAV/VCP antes de ingressar como Professor [&hellip;]</p>

<!-- This site is optimized with the Yoast SEO plugin v27.5 - https://yoast.com/product/yoast-seo-wordpress/ -->
<title>Francides Gomes - Primatera Fundo Patrimonial</title>
<meta name="robots" content="index, follow, max-snippet:-1, max-image-preview:large, max-video-preview:-1" />
<link rel="canonical" href="https://fundoprimatera.org.br/site/francides-gomes/" />
<meta property="og:locale" content="pt_BR" />
<meta property="og:type" content="article" />
<meta property="og:title" content="Francides Gomes - Primatera Fundo Patrimonial" />
<meta property="og:description" content="Francides Gomes USP Engenheiro Florestal formado pela Universidade de Brasília, Mestre pela Universidade de São Paulo e IPT, Doutor em Engenharia Química pela Universidade Estadual de Campinas, pós-doutorado no Institute of Paper Science and Technology (Atlanta – EUA) e na North Carolina State University (Raleigh – EUA).  Trabalhou na CELPAV/VCP antes de ingressar como Professor [&hellip;]" />
<meta property="og:url" content="https://fundoprimatera.org.br/site/francides-gomes/" />
<meta property="og:site_name" content="Primatera Fundo Patrimonial" />
<meta property="article:modified_time" content="2023-04-03T14:48:06+00:00" />
<meta property="og:image" content="https://fundoprimatera.org.br/site/wp-content/uploads/2019/05/01-150x150.jpg" />
<meta name="twitter:card" content="summary_large_image" />
<meta name="twitter:label1" content="Est. tempo de leitura" />
	<meta name="twitter:data1" content="1 minuto" />
<script type="application/ld+json" class="yoast-schema-graph">{"@context":"https:\/\/schema.org","@graph":[{"@type":"WebPage","@id":"https:\/\/fundoprimatera.org.br\/site\/francides-gomes\/","url":"https:\/\/fundoprimatera.org.br\/site\/francides-gomes\/","name":"Francides Gomes - Primatera Fundo Patrimonial","isPartOf":{"@id":"https:\/\/fundoprimatera.org.br\/site\/#website"},"primaryImageOfPage":{"@id":"https:\/\/fundoprimatera.org.br\/site\/francides-gomes\/#primaryimage"},"image":{"@id":"https:\/\/fundoprimatera.org.br\/site\/francides-gomes\/#primaryimage"},"thumbnailUrl":"https:\/\/fundoprimatera.org.br\/site\/wp-content\/uploads\/2019\/05\/01-150x150.jpg","datePublished":"2019-05-30T11:42:24+00:00","dateModified":"2023-04-03T14:48:06+00:00","breadcrumb":{"@id":"https:\/\/fundoprimatera.org.br\/site\/francides-gomes\/#breadcrumb"},"inLanguage":"pt-BR","potentialAction":[{"@type":"ReadAction","target":["https:\/\/fundoprimatera.org.br\/site\/francides-gomes\/"]}]},{"@type":"ImageObject","inLanguage":"pt-BR","@id":"https:\/\/fundoprimatera.org.br\/site\/francides-gomes\/#primaryimage","url":"https:\/\/fundoprimatera.org.br\/site\/wp-content\/uploads\/2019\/05\/01.jpg","contentUrl":"https:\/\/fundoprimatera.org.br\/site\/wp-content\/uploads\/2019\/05\/01.jpg","width":250,"height":250},{"@type":"BreadcrumbList","@id":"https:\/\/fundoprimatera.org.br\/site\/francides-gomes\/#breadcrumb","itemListElement":[{"@type":"ListItem","position":1,"name":"Início","item":"https:\/\/fundoprimatera.org.br\/site\/"},{"@type":"ListItem","position":2,"name":"Francides Gomes"}]},{"@type":"WebSite","@id":"https:\/\/fundoprimatera.org.br\/site\/#website","url":"https:\/\/fundoprimatera.org.br\/site\/","name":"Primatera Fundo Patrimonial","description":"Primatera Fundo Patrimonial","potentialAction":[{"@type":"SearchAction","target":{"@type":"EntryPoint","urlTemplate":"https:\/\/fundoprimatera.org.br\/site\/?s={search_term_string}"},"query-input":{"@type":"PropertyValueSpecification","valueRequired":true,"valueName":"search_term_string"}}],"inLanguage":"pt-BR"}]}</script>
<!-- / Yoast SEO plugin. -->

Francides Gomes USP Engenheiro Florestal formado pela Universidade de Brasília, Mestre pela Universidade de São Paulo e IPT, Doutor em Engenharia Química pela Universidade Estadual de Campinas, pós-doutorado no Institute of Paper Science and Technology (Atlanta – EUA) e na North Carolina State University (Raleigh – EUA).  Trabalhou na CELPAV/VCP antes de ingressar como Professor [&hellip;]

Início
