{"id":1637,"date":"2019-05-28T15:40:44","date_gmt":"2019-05-28T18:40:44","guid":{"rendered":"https:\/\/fbef.org.br\/?page_id=1637"},"modified":"2025-02-06T12:03:01","modified_gmt":"2025-02-06T15:03:01","slug":"pablo-cadaval","status":"publish","type":"page","link":"https:\/\/fundoprimatera.org.br\/site\/pablo-cadaval\/","title":{"rendered":"Pablo Cadaval"},"content":{"rendered":"\t\t<div data-elementor-type=\"wp-post\" data-elementor-id=\"1637\" class=\"elementor elementor-1637\" data-elementor-post-type=\"page\">\n\t\t\t\t\t\t<section class=\"elementor-section elementor-inner-section elementor-element elementor-element-28350436 elementor-section-boxed elementor-section-height-default elementor-section-height-default\" data-id=\"28350436\" data-element_type=\"section\" data-e-type=\"section\">\n\t\t\t\t\t\t<div class=\"elementor-container elementor-column-gap-no\">\n\t\t\t\t\t<div class=\"elementor-column elementor-col-100 elementor-inner-column elementor-element elementor-element-2d2f01cc elementor-invisible\" data-id=\"2d2f01cc\" data-element_type=\"column\" data-e-type=\"column\" data-settings=\"{&quot;background_background&quot;:&quot;classic&quot;,&quot;animation&quot;:&quot;fadeInUp&quot;}\">\n\t\t\t<div class=\"elementor-widget-wrap elementor-element-populated\">\n\t\t\t\t\t\t<div class=\"elementor-element elementor-element-2c4785b5 elementor-widget elementor-widget-image\" data-id=\"2c4785b5\" data-element_type=\"widget\" data-e-type=\"widget\" data-widget_type=\"image.default\">\n\t\t\t\t<div class=\"elementor-widget-container\">\n\t\t\t\t\t\t\t\t\t\t\t\t\t\t\t<img decoding=\"async\" width=\"150\" height=\"150\" src=\"https:\/\/fundoprimatera.org.br\/site\/wp-content\/uploads\/2019\/05\/05-150x150.jpg\" class=\"attachment-thumbnail size-thumbnail wp-image-65\" alt=\"\" srcset=\"https:\/\/fundoprimatera.org.br\/site\/wp-content\/uploads\/2019\/05\/05-150x150.jpg 150w, https:\/\/fundoprimatera.org.br\/site\/wp-content\/uploads\/2019\/05\/05.jpg 250w\" sizes=\"(max-width: 150px) 100vw, 150px\" \/>\t\t\t\t\t\t\t\t\t\t\t\t\t\t\t<\/div>\n\t\t\t\t<\/div>\n\t\t\t\t<div class=\"elementor-element elementor-element-30febe68 elementor-widget elementor-widget-heading\" data-id=\"30febe68\" data-element_type=\"widget\" data-e-type=\"widget\" data-widget_type=\"heading.default\">\n\t\t\t\t<div class=\"elementor-widget-container\">\n\t\t\t\t\t<h2 class=\"elementor-heading-title elementor-size-large\">Pablo Cadaval<\/h2>\t\t\t\t<\/div>\n\t\t\t\t<\/div>\n\t\t\t\t<div class=\"elementor-element elementor-element-a68156f elementor-widget elementor-widget-heading\" data-id=\"a68156f\" data-element_type=\"widget\" data-e-type=\"widget\" data-widget_type=\"heading.default\">\n\t\t\t\t<div class=\"elementor-widget-container\">\n\t\t\t\t\t<h3 class=\"elementor-heading-title elementor-size-default\">Suzano<\/h3>\t\t\t\t<\/div>\n\t\t\t\t<\/div>\n\t\t\t\t<div class=\"elementor-element elementor-element-4be2f06a elementor-widget elementor-widget-text-editor\" data-id=\"4be2f06a\" data-element_type=\"widget\" data-e-type=\"widget\" data-widget_type=\"text-editor.default\">\n\t\t\t\t<div class=\"elementor-widget-container\">\n\t\t\t\t\t\t\t\t\t<p><span style=\"font-weight: 400;\">Engenheiro Qu\u00edmico formado pela Universidade Federal do Rio Grande, com p\u00f3s-gradua\u00e7\u00e3o em Engenharia de Produ\u00e7\u00e3o (UFRGS) e Gest\u00e3o de Neg\u00f3cios (FDC). Concluiu seu EMBA no IMD, na Su\u00ed\u00e7a, em 2020. Atua no setor desde 1999, tendo passado por empresas como Cambar\u00e1 S\/A, Aracruz Celulose, Fibria, Klabin e, atualmente, ocupa a fun\u00e7\u00e3o de Diretor de P&amp;D Floresta e Ind\u00fastria na Suzano.<\/span><\/p>\t\t\t\t\t\t\t\t<\/div>\n\t\t\t\t<\/div>\n\t\t\t\t\t<\/div>\n\t\t<\/div>\n\t\t\t\t\t<\/div>\n\t\t<\/section>\n\t\t\t\t<\/div>\n\t\t","protected":false},"excerpt":{"rendered":"<p>Pablo Cadaval Suzano Engenheiro Qu\u00edmico formado pela Universidade Federal do Rio Grande, com p\u00f3s-gradua\u00e7\u00e3o em Engenharia de Produ\u00e7\u00e3o (UFRGS) e Gest\u00e3o de Neg\u00f3cios (FDC). Concluiu seu EMBA no IMD, na Su\u00ed\u00e7a, em 2020. Atua no setor desde 1999, tendo passado por empresas como Cambar\u00e1 S\/A, Aracruz Celulose, Fibria, Klabin e, atualmente, ocupa a fun\u00e7\u00e3o de [&hellip;]<\/p>\n","protected":false},"author":1,"featured_media":0,"parent":0,"menu_order":0,"comment_status":"closed","ping_status":"closed","template":"","meta":{"footnotes":""},"class_list":["post-1637","page","type-page","status-publish","hentry"],"yoast_head":"<!-- This site is optimized with the Yoast SEO plugin v27.5 - https:\/\/yoast.com\/product\/yoast-seo-wordpress\/ -->\n<title>Pablo Cadaval - Primatera Fundo Patrimonial<\/title>\n<meta name=\"robots\" content=\"index, follow, max-snippet:-1, max-image-preview:large, max-video-preview:-1\" \/>\n<link rel=\"canonical\" href=\"https:\/\/fundoprimatera.org.br\/site\/pablo-cadaval\/\" \/>\n<meta property=\"og:locale\" content=\"pt_BR\" \/>\n<meta property=\"og:type\" content=\"article\" \/>\n<meta property=\"og:title\" content=\"Pablo Cadaval - Primatera Fundo Patrimonial\" \/>\n<meta property=\"og:description\" content=\"Pablo Cadaval Suzano Engenheiro Qu\u00edmico formado pela Universidade Federal do Rio Grande, com p\u00f3s-gradua\u00e7\u00e3o em Engenharia de Produ\u00e7\u00e3o (UFRGS) e Gest\u00e3o de Neg\u00f3cios (FDC). Concluiu seu EMBA no IMD, na Su\u00ed\u00e7a, em 2020. Atua no setor desde 1999, tendo passado por empresas como Cambar\u00e1 S\/A, Aracruz Celulose, Fibria, Klabin e, atualmente, ocupa a fun\u00e7\u00e3o de [&hellip;]\" \/>\n<meta property=\"og:url\" content=\"https:\/\/fundoprimatera.org.br\/site\/pablo-cadaval\/\" \/>\n<meta property=\"og:site_name\" content=\"Primatera Fundo Patrimonial\" \/>\n<meta property=\"article:modified_time\" content=\"2025-02-06T15:03:01+00:00\" \/>\n<meta property=\"og:image\" content=\"https:\/\/fundoprimatera.org.br\/site\/wp-content\/uploads\/2019\/05\/05.jpg\" \/>\n\t<meta property=\"og:image:width\" content=\"250\" \/>\n\t<meta property=\"og:image:height\" content=\"250\" \/>\n\t<meta property=\"og:image:type\" content=\"image\/jpeg\" \/>\n<meta name=\"twitter:card\" content=\"summary_large_image\" \/>\n<meta name=\"twitter:label1\" content=\"Est. tempo de leitura\" \/>\n\t<meta name=\"twitter:data1\" content=\"1 minuto\" \/>\n<script type=\"application\/ld+json\" class=\"yoast-schema-graph\">{\"@context\":\"https:\\\/\\\/schema.org\",\"@graph\":[{\"@type\":\"WebPage\",\"@id\":\"https:\\\/\\\/fundoprimatera.org.br\\\/site\\\/pablo-cadaval\\\/\",\"url\":\"https:\\\/\\\/fundoprimatera.org.br\\\/site\\\/pablo-cadaval\\\/\",\"name\":\"Pablo Cadaval - Primatera Fundo Patrimonial\",\"isPartOf\":{\"@id\":\"https:\\\/\\\/fundoprimatera.org.br\\\/site\\\/#website\"},\"primaryImageOfPage\":{\"@id\":\"https:\\\/\\\/fundoprimatera.org.br\\\/site\\\/pablo-cadaval\\\/#primaryimage\"},\"image\":{\"@id\":\"https:\\\/\\\/fundoprimatera.org.br\\\/site\\\/pablo-cadaval\\\/#primaryimage\"},\"thumbnailUrl\":\"https:\\\/\\\/fundoprimatera.org.br\\\/site\\\/wp-content\\\/uploads\\\/2019\\\/05\\\/05-150x150.jpg\",\"datePublished\":\"2019-05-28T18:40:44+00:00\",\"dateModified\":\"2025-02-06T15:03:01+00:00\",\"breadcrumb\":{\"@id\":\"https:\\\/\\\/fundoprimatera.org.br\\\/site\\\/pablo-cadaval\\\/#breadcrumb\"},\"inLanguage\":\"pt-BR\",\"potentialAction\":[{\"@type\":\"ReadAction\",\"target\":[\"https:\\\/\\\/fundoprimatera.org.br\\\/site\\\/pablo-cadaval\\\/\"]}]},{\"@type\":\"ImageObject\",\"inLanguage\":\"pt-BR\",\"@id\":\"https:\\\/\\\/fundoprimatera.org.br\\\/site\\\/pablo-cadaval\\\/#primaryimage\",\"url\":\"https:\\\/\\\/fundoprimatera.org.br\\\/site\\\/wp-content\\\/uploads\\\/2019\\\/05\\\/05.jpg\",\"contentUrl\":\"https:\\\/\\\/fundoprimatera.org.br\\\/site\\\/wp-content\\\/uploads\\\/2019\\\/05\\\/05.jpg\",\"width\":250,\"height\":250},{\"@type\":\"BreadcrumbList\",\"@id\":\"https:\\\/\\\/fundoprimatera.org.br\\\/site\\\/pablo-cadaval\\\/#breadcrumb\",\"itemListElement\":[{\"@type\":\"ListItem\",\"position\":1,\"name\":\"In\u00edcio\",\"item\":\"https:\\\/\\\/fundoprimatera.org.br\\\/site\\\/\"},{\"@type\":\"ListItem\",\"position\":2,\"name\":\"Pablo Cadaval\"}]},{\"@type\":\"WebSite\",\"@id\":\"https:\\\/\\\/fundoprimatera.org.br\\\/site\\\/#website\",\"url\":\"https:\\\/\\\/fundoprimatera.org.br\\\/site\\\/\",\"name\":\"Primatera Fundo Patrimonial\",\"description\":\"Primatera Fundo Patrimonial\",\"potentialAction\":[{\"@type\":\"SearchAction\",\"target\":{\"@type\":\"EntryPoint\",\"urlTemplate\":\"https:\\\/\\\/fundoprimatera.org.br\\\/site\\\/?s={search_term_string}\"},\"query-input\":{\"@type\":\"PropertyValueSpecification\",\"valueRequired\":true,\"valueName\":\"search_term_string\"}}],\"inLanguage\":\"pt-BR\"}]}<\/script>\n<!-- \/ Yoast SEO plugin. -->","yoast_head_json":{"title":"Pablo Cadaval - Primatera Fundo Patrimonial","robots":{"index":"index","follow":"follow","max-snippet":"max-snippet:-1","max-image-preview":"max-image-preview:large","max-video-preview":"max-video-preview:-1"},"canonical":"https:\/\/fundoprimatera.org.br\/site\/pablo-cadaval\/","og_locale":"pt_BR","og_type":"article","og_title":"Pablo Cadaval - Primatera Fundo Patrimonial","og_description":"Pablo Cadaval Suzano Engenheiro Qu\u00edmico formado pela Universidade Federal do Rio Grande, com p\u00f3s-gradua\u00e7\u00e3o em Engenharia de Produ\u00e7\u00e3o (UFRGS) e Gest\u00e3o de Neg\u00f3cios (FDC). Concluiu seu EMBA no IMD, na Su\u00ed\u00e7a, em 2020. Atua no setor desde 1999, tendo passado por empresas como Cambar\u00e1 S\/A, Aracruz Celulose, Fibria, Klabin e, atualmente, ocupa a fun\u00e7\u00e3o de [&hellip;]","og_url":"https:\/\/fundoprimatera.org.br\/site\/pablo-cadaval\/","og_site_name":"Primatera Fundo Patrimonial","article_modified_time":"2025-02-06T15:03:01+00:00","og_image":[{"width":250,"height":250,"url":"https:\/\/fundoprimatera.org.br\/site\/wp-content\/uploads\/2019\/05\/05.jpg","type":"image\/jpeg"}],"twitter_card":"summary_large_image","twitter_misc":{"Est. tempo de leitura":"1 minuto"},"schema":{"@context":"https:\/\/schema.org","@graph":[{"@type":"WebPage","@id":"https:\/\/fundoprimatera.org.br\/site\/pablo-cadaval\/","url":"https:\/\/fundoprimatera.org.br\/site\/pablo-cadaval\/","name":"Pablo Cadaval - Primatera Fundo Patrimonial","isPartOf":{"@id":"https:\/\/fundoprimatera.org.br\/site\/#website"},"primaryImageOfPage":{"@id":"https:\/\/fundoprimatera.org.br\/site\/pablo-cadaval\/#primaryimage"},"image":{"@id":"https:\/\/fundoprimatera.org.br\/site\/pablo-cadaval\/#primaryimage"},"thumbnailUrl":"https:\/\/fundoprimatera.org.br\/site\/wp-content\/uploads\/2019\/05\/05-150x150.jpg","datePublished":"2019-05-28T18:40:44+00:00","dateModified":"2025-02-06T15:03:01+00:00","breadcrumb":{"@id":"https:\/\/fundoprimatera.org.br\/site\/pablo-cadaval\/#breadcrumb"},"inLanguage":"pt-BR","potentialAction":[{"@type":"ReadAction","target":["https:\/\/fundoprimatera.org.br\/site\/pablo-cadaval\/"]}]},{"@type":"ImageObject","inLanguage":"pt-BR","@id":"https:\/\/fundoprimatera.org.br\/site\/pablo-cadaval\/#primaryimage","url":"https:\/\/fundoprimatera.org.br\/site\/wp-content\/uploads\/2019\/05\/05.jpg","contentUrl":"https:\/\/fundoprimatera.org.br\/site\/wp-content\/uploads\/2019\/05\/05.jpg","width":250,"height":250},{"@type":"BreadcrumbList","@id":"https:\/\/fundoprimatera.org.br\/site\/pablo-cadaval\/#breadcrumb","itemListElement":[{"@type":"ListItem","position":1,"name":"In\u00edcio","item":"https:\/\/fundoprimatera.org.br\/site\/"},{"@type":"ListItem","position":2,"name":"Pablo Cadaval"}]},{"@type":"WebSite","@id":"https:\/\/fundoprimatera.org.br\/site\/#website","url":"https:\/\/fundoprimatera.org.br\/site\/","name":"Primatera Fundo Patrimonial","description":"Primatera Fundo Patrimonial","potentialAction":[{"@type":"SearchAction","target":{"@type":"EntryPoint","urlTemplate":"https:\/\/fundoprimatera.org.br\/site\/?s={search_term_string}"},"query-input":{"@type":"PropertyValueSpecification","valueRequired":true,"valueName":"search_term_string"}}],"inLanguage":"pt-BR"}]}},"_links":{"self":[{"href":"https:\/\/fundoprimatera.org.br\/site\/wp-json\/wp\/v2\/pages\/1637","targetHints":{"allow":["GET"]}}],"collection":[{"href":"https:\/\/fundoprimatera.org.br\/site\/wp-json\/wp\/v2\/pages"}],"about":[{"href":"https:\/\/fundoprimatera.org.br\/site\/wp-json\/wp\/v2\/types\/page"}],"author":[{"embeddable":true,"href":"https:\/\/fundoprimatera.org.br\/site\/wp-json\/wp\/v2\/users\/1"}],"replies":[{"embeddable":true,"href":"https:\/\/fundoprimatera.org.br\/site\/wp-json\/wp\/v2\/comments?post=1637"}],"version-history":[{"count":13,"href":"https:\/\/fundoprimatera.org.br\/site\/wp-json\/wp\/v2\/pages\/1637\/revisions"}],"predecessor-version":[{"id":2220,"href":"https:\/\/fundoprimatera.org.br\/site\/wp-json\/wp\/v2\/pages\/1637\/revisions\/2220"}],"wp:attachment":[{"href":"https:\/\/fundoprimatera.org.br\/site\/wp-json\/wp\/v2\/media?parent=1637"}],"curies":[{"name":"wp","href":"https:\/\/api.w.org\/{rel}","templated":true}]}}

<div data-elementor-type="wp-post" data-elementor-id="1637" class="elementor elementor-1637" data-elementor-post-type="page">
						<section class="elementor-section elementor-inner-section elementor-element elementor-element-28350436 elementor-section-boxed elementor-section-height-default elementor-section-height-default" data-id="28350436" data-element_type="section" data-e-type="section">
						<div class="elementor-container elementor-column-gap-no">
					<div class="elementor-column elementor-col-100 elementor-inner-column elementor-element elementor-element-2d2f01cc elementor-invisible" data-id="2d2f01cc" data-element_type="column" data-e-type="column" data-settings="{&quot;background_background&quot;:&quot;classic&quot;,&quot;animation&quot;:&quot;fadeInUp&quot;}">
			<div class="elementor-widget-wrap elementor-element-populated">
						<div class="elementor-element elementor-element-2c4785b5 elementor-widget elementor-widget-image" data-id="2c4785b5" data-element_type="widget" data-e-type="widget" data-widget_type="image.default">
				<div class="elementor-widget-container">
															<img decoding="async" width="150" height="150" src="https://fundoprimatera.org.br/site/wp-content/uploads/2019/05/05-150x150.jpg" class="attachment-thumbnail size-thumbnail wp-image-65" alt="" srcset="https://fundoprimatera.org.br/site/wp-content/uploads/2019/05/05-150x150.jpg 150w, https://fundoprimatera.org.br/site/wp-content/uploads/2019/05/05.jpg 250w" sizes="(max-width: 150px) 100vw, 150px" />															</div>
				</div>
				<div class="elementor-element elementor-element-30febe68 elementor-widget elementor-widget-heading" data-id="30febe68" data-element_type="widget" data-e-type="widget" data-widget_type="heading.default">
				<div class="elementor-widget-container">
					<h2 class="elementor-heading-title elementor-size-large">Pablo Cadaval</h2>				</div>
				</div>
				<div class="elementor-element elementor-element-a68156f elementor-widget elementor-widget-heading" data-id="a68156f" data-element_type="widget" data-e-type="widget" data-widget_type="heading.default">
				<div class="elementor-widget-container">
					<h3 class="elementor-heading-title elementor-size-default">Suzano</h3>				</div>
				</div>
				<div class="elementor-element elementor-element-4be2f06a elementor-widget elementor-widget-text-editor" data-id="4be2f06a" data-element_type="widget" data-e-type="widget" data-widget_type="text-editor.default">
				<div class="elementor-widget-container">
									<p><span style="font-weight: 400;">Engenheiro Químico formado pela Universidade Federal do Rio Grande, com pós-graduação em Engenharia de Produção (UFRGS) e Gestão de Negócios (FDC). Concluiu seu EMBA no IMD, na Suíça, em 2020. Atua no setor desde 1999, tendo passado por empresas como Cambará S/A, Aracruz Celulose, Fibria, Klabin e, atualmente, ocupa a função de Diretor de P&amp;D Floresta e Indústria na Suzano.</span></p>								</div>
				</div>
					</div>
		</div>
					</div>
		</section>
				</div>

<p>Pablo Cadaval Suzano Engenheiro Químico formado pela Universidade Federal do Rio Grande, com pós-graduação em Engenharia de Produção (UFRGS) e Gestão de Negócios (FDC). Concluiu seu EMBA no IMD, na Suíça, em 2020. Atua no setor desde 1999, tendo passado por empresas como Cambará S/A, Aracruz Celulose, Fibria, Klabin e, atualmente, ocupa a função de [&hellip;]</p>

<!-- This site is optimized with the Yoast SEO plugin v27.5 - https://yoast.com/product/yoast-seo-wordpress/ -->
<title>Pablo Cadaval - Primatera Fundo Patrimonial</title>
<meta name="robots" content="index, follow, max-snippet:-1, max-image-preview:large, max-video-preview:-1" />
<link rel="canonical" href="https://fundoprimatera.org.br/site/pablo-cadaval/" />
<meta property="og:locale" content="pt_BR" />
<meta property="og:type" content="article" />
<meta property="og:title" content="Pablo Cadaval - Primatera Fundo Patrimonial" />
<meta property="og:description" content="Pablo Cadaval Suzano Engenheiro Químico formado pela Universidade Federal do Rio Grande, com pós-graduação em Engenharia de Produção (UFRGS) e Gestão de Negócios (FDC). Concluiu seu EMBA no IMD, na Suíça, em 2020. Atua no setor desde 1999, tendo passado por empresas como Cambará S/A, Aracruz Celulose, Fibria, Klabin e, atualmente, ocupa a função de [&hellip;]" />
<meta property="og:url" content="https://fundoprimatera.org.br/site/pablo-cadaval/" />
<meta property="og:site_name" content="Primatera Fundo Patrimonial" />
<meta property="article:modified_time" content="2025-02-06T15:03:01+00:00" />
<meta property="og:image" content="https://fundoprimatera.org.br/site/wp-content/uploads/2019/05/05.jpg" />
	<meta property="og:image:width" content="250" />
	<meta property="og:image:height" content="250" />
	<meta property="og:image:type" content="image/jpeg" />
<meta name="twitter:card" content="summary_large_image" />
<meta name="twitter:label1" content="Est. tempo de leitura" />
	<meta name="twitter:data1" content="1 minuto" />
<script type="application/ld+json" class="yoast-schema-graph">{"@context":"https:\/\/schema.org","@graph":[{"@type":"WebPage","@id":"https:\/\/fundoprimatera.org.br\/site\/pablo-cadaval\/","url":"https:\/\/fundoprimatera.org.br\/site\/pablo-cadaval\/","name":"Pablo Cadaval - Primatera Fundo Patrimonial","isPartOf":{"@id":"https:\/\/fundoprimatera.org.br\/site\/#website"},"primaryImageOfPage":{"@id":"https:\/\/fundoprimatera.org.br\/site\/pablo-cadaval\/#primaryimage"},"image":{"@id":"https:\/\/fundoprimatera.org.br\/site\/pablo-cadaval\/#primaryimage"},"thumbnailUrl":"https:\/\/fundoprimatera.org.br\/site\/wp-content\/uploads\/2019\/05\/05-150x150.jpg","datePublished":"2019-05-28T18:40:44+00:00","dateModified":"2025-02-06T15:03:01+00:00","breadcrumb":{"@id":"https:\/\/fundoprimatera.org.br\/site\/pablo-cadaval\/#breadcrumb"},"inLanguage":"pt-BR","potentialAction":[{"@type":"ReadAction","target":["https:\/\/fundoprimatera.org.br\/site\/pablo-cadaval\/"]}]},{"@type":"ImageObject","inLanguage":"pt-BR","@id":"https:\/\/fundoprimatera.org.br\/site\/pablo-cadaval\/#primaryimage","url":"https:\/\/fundoprimatera.org.br\/site\/wp-content\/uploads\/2019\/05\/05.jpg","contentUrl":"https:\/\/fundoprimatera.org.br\/site\/wp-content\/uploads\/2019\/05\/05.jpg","width":250,"height":250},{"@type":"BreadcrumbList","@id":"https:\/\/fundoprimatera.org.br\/site\/pablo-cadaval\/#breadcrumb","itemListElement":[{"@type":"ListItem","position":1,"name":"Início","item":"https:\/\/fundoprimatera.org.br\/site\/"},{"@type":"ListItem","position":2,"name":"Pablo Cadaval"}]},{"@type":"WebSite","@id":"https:\/\/fundoprimatera.org.br\/site\/#website","url":"https:\/\/fundoprimatera.org.br\/site\/","name":"Primatera Fundo Patrimonial","description":"Primatera Fundo Patrimonial","potentialAction":[{"@type":"SearchAction","target":{"@type":"EntryPoint","urlTemplate":"https:\/\/fundoprimatera.org.br\/site\/?s={search_term_string}"},"query-input":{"@type":"PropertyValueSpecification","valueRequired":true,"valueName":"search_term_string"}}],"inLanguage":"pt-BR"}]}</script>
<!-- / Yoast SEO plugin. -->

Pablo Cadaval Suzano Engenheiro Químico formado pela Universidade Federal do Rio Grande, com pós-graduação em Engenharia de Produção (UFRGS) e Gestão de Negócios (FDC). Concluiu seu EMBA no IMD, na Suíça, em 2020. Atua no setor desde 1999, tendo passado por empresas como Cambará S/A, Aracruz Celulose, Fibria, Klabin e, atualmente, ocupa a função de [&hellip;]

Início
