{"id":1625,"date":"2019-05-27T14:27:00","date_gmt":"2019-05-27T17:27:00","guid":{"rendered":"https:\/\/fbef.org.br\/?page_id=1625"},"modified":"2023-04-03T13:26:05","modified_gmt":"2023-04-03T16:26:05","slug":"tiago-edson-simkunas-segura","status":"publish","type":"page","link":"https:\/\/fundoprimatera.org.br\/site\/tiago-edson-simkunas-segura\/","title":{"rendered":"Tiago Edson Simkunas Segura"},"content":{"rendered":"\t\t<div data-elementor-type=\"wp-post\" data-elementor-id=\"1625\" class=\"elementor elementor-1625\" data-elementor-post-type=\"page\">\n\t\t\t\t\t\t<section class=\"elementor-section elementor-inner-section elementor-element elementor-element-4b92b6be elementor-section-boxed elementor-section-height-default elementor-section-height-default\" data-id=\"4b92b6be\" data-element_type=\"section\" data-e-type=\"section\">\n\t\t\t\t\t\t<div class=\"elementor-container elementor-column-gap-no\">\n\t\t\t\t\t<div class=\"elementor-column elementor-col-100 elementor-inner-column elementor-element elementor-element-5fa8c3da elementor-invisible\" data-id=\"5fa8c3da\" data-element_type=\"column\" data-e-type=\"column\" data-settings=\"{&quot;background_background&quot;:&quot;classic&quot;,&quot;animation&quot;:&quot;fadeInUp&quot;}\">\n\t\t\t<div class=\"elementor-widget-wrap elementor-element-populated\">\n\t\t\t\t\t\t<div class=\"elementor-element elementor-element-4912bc3a elementor-widget elementor-widget-image\" data-id=\"4912bc3a\" data-element_type=\"widget\" data-e-type=\"widget\" data-widget_type=\"image.default\">\n\t\t\t\t<div class=\"elementor-widget-container\">\n\t\t\t\t\t\t\t\t\t\t\t\t\t\t\t<img decoding=\"async\" width=\"150\" height=\"150\" src=\"https:\/\/fundoprimatera.org.br\/site\/wp-content\/uploads\/2019\/05\/06-150x150.jpg\" class=\"attachment-thumbnail size-thumbnail wp-image-66\" alt=\"\" srcset=\"https:\/\/fundoprimatera.org.br\/site\/wp-content\/uploads\/2019\/05\/06-150x150.jpg 150w, https:\/\/fundoprimatera.org.br\/site\/wp-content\/uploads\/2019\/05\/06.jpg 250w\" sizes=\"(max-width: 150px) 100vw, 150px\" \/>\t\t\t\t\t\t\t\t\t\t\t\t\t\t\t<\/div>\n\t\t\t\t<\/div>\n\t\t\t\t<div class=\"elementor-element elementor-element-1da15629 elementor-widget elementor-widget-heading\" data-id=\"1da15629\" data-element_type=\"widget\" data-e-type=\"widget\" data-widget_type=\"heading.default\">\n\t\t\t\t<div class=\"elementor-widget-container\">\n\t\t\t\t\t<h2 class=\"elementor-heading-title elementor-size-large\">Tiago Segura<\/h2>\t\t\t\t<\/div>\n\t\t\t\t<\/div>\n\t\t\t\t<div class=\"elementor-element elementor-element-6084fbe8 elementor-widget elementor-widget-heading\" data-id=\"6084fbe8\" data-element_type=\"widget\" data-e-type=\"widget\" data-widget_type=\"heading.default\">\n\t\t\t\t<div class=\"elementor-widget-container\">\n\t\t\t\t\t<h2 class=\"elementor-heading-title elementor-size-large\">Suzano<\/h2>\t\t\t\t<\/div>\n\t\t\t\t<\/div>\n\t\t\t\t<div class=\"elementor-element elementor-element-515afdff elementor-widget elementor-widget-text-editor\" data-id=\"515afdff\" data-element_type=\"widget\" data-e-type=\"widget\" data-widget_type=\"text-editor.default\">\n\t\t\t\t<div class=\"elementor-widget-container\">\n\t\t\t\t\t\t\t\t\t<p>Engenheiro Florestal formado pela Universidade de S\u00e3o Paulo, com parte da gradua\u00e7\u00e3o realizada na Escola Nacional de \u00c1guas e Florestas da Fran\u00e7a, Tiago possui Mestrado e Doutorado em Recursos Florestais, na \u00e1rea de qualidade da madeira e processos de produ\u00e7\u00e3o de celulose. Foi estagi\u00e1rio do Laborat\u00f3rio de Qu\u00edmica, Celulose e Energia (ESALQ-USP), Laborat\u00f3rio de Estudos e Pesquisas sobre o Material Madeira (LERMAB, Fran\u00e7a), Centro T\u00e9cnico do Papel (CTP, Fran\u00e7a), Votorantim Celulose e Papel e Fibria.<\/p><p>Trabalhou por quase 6 anos na equipe de Engenharia da Eldorado Brasil Celulose e, desde maio de 2019, \u00e9 Coordenador de Projetos e Engenharia na Engenharia Corporativa da Suzano.<\/p>\t\t\t\t\t\t\t\t<\/div>\n\t\t\t\t<\/div>\n\t\t\t\t\t<\/div>\n\t\t<\/div>\n\t\t\t\t\t<\/div>\n\t\t<\/section>\n\t\t\t\t<\/div>\n\t\t","protected":false},"excerpt":{"rendered":"<p>Tiago Segura Suzano Engenheiro Florestal formado pela Universidade de S\u00e3o Paulo, com parte da gradua\u00e7\u00e3o realizada na Escola Nacional de \u00c1guas e Florestas da Fran\u00e7a, Tiago possui Mestrado e Doutorado em Recursos Florestais, na \u00e1rea de qualidade da madeira e processos de produ\u00e7\u00e3o de celulose. Foi estagi\u00e1rio do Laborat\u00f3rio de Qu\u00edmica, Celulose e Energia (ESALQ-USP), [&hellip;]<\/p>\n","protected":false},"author":1,"featured_media":0,"parent":0,"menu_order":0,"comment_status":"closed","ping_status":"closed","template":"","meta":{"footnotes":""},"class_list":["post-1625","page","type-page","status-publish","hentry"],"yoast_head":"<!-- This site is optimized with the Yoast SEO plugin v27.5 - https:\/\/yoast.com\/product\/yoast-seo-wordpress\/ -->\n<title>Tiago Edson Simkunas Segura - Primatera Fundo Patrimonial<\/title>\n<meta name=\"robots\" content=\"index, follow, max-snippet:-1, max-image-preview:large, max-video-preview:-1\" \/>\n<link rel=\"canonical\" href=\"https:\/\/fundoprimatera.org.br\/site\/tiago-edson-simkunas-segura\/\" \/>\n<meta property=\"og:locale\" content=\"pt_BR\" \/>\n<meta property=\"og:type\" content=\"article\" \/>\n<meta property=\"og:title\" content=\"Tiago Edson Simkunas Segura - Primatera Fundo Patrimonial\" \/>\n<meta property=\"og:description\" content=\"Tiago Segura Suzano Engenheiro Florestal formado pela Universidade de S\u00e3o Paulo, com parte da gradua\u00e7\u00e3o realizada na Escola Nacional de \u00c1guas e Florestas da Fran\u00e7a, Tiago possui Mestrado e Doutorado em Recursos Florestais, na \u00e1rea de qualidade da madeira e processos de produ\u00e7\u00e3o de celulose. Foi estagi\u00e1rio do Laborat\u00f3rio de Qu\u00edmica, Celulose e Energia (ESALQ-USP), [&hellip;]\" \/>\n<meta property=\"og:url\" content=\"https:\/\/fundoprimatera.org.br\/site\/tiago-edson-simkunas-segura\/\" \/>\n<meta property=\"og:site_name\" content=\"Primatera Fundo Patrimonial\" \/>\n<meta property=\"article:modified_time\" content=\"2023-04-03T16:26:05+00:00\" \/>\n<meta property=\"og:image\" content=\"https:\/\/fundoprimatera.org.br\/site\/wp-content\/uploads\/2019\/05\/06-150x150.jpg\" \/>\n<meta name=\"twitter:card\" content=\"summary_large_image\" \/>\n<meta name=\"twitter:label1\" content=\"Est. tempo de leitura\" \/>\n\t<meta name=\"twitter:data1\" content=\"1 minuto\" \/>\n<script type=\"application\/ld+json\" class=\"yoast-schema-graph\">{\"@context\":\"https:\\\/\\\/schema.org\",\"@graph\":[{\"@type\":\"WebPage\",\"@id\":\"https:\\\/\\\/fundoprimatera.org.br\\\/site\\\/tiago-edson-simkunas-segura\\\/\",\"url\":\"https:\\\/\\\/fundoprimatera.org.br\\\/site\\\/tiago-edson-simkunas-segura\\\/\",\"name\":\"Tiago Edson Simkunas Segura - Primatera Fundo Patrimonial\",\"isPartOf\":{\"@id\":\"https:\\\/\\\/fundoprimatera.org.br\\\/site\\\/#website\"},\"primaryImageOfPage\":{\"@id\":\"https:\\\/\\\/fundoprimatera.org.br\\\/site\\\/tiago-edson-simkunas-segura\\\/#primaryimage\"},\"image\":{\"@id\":\"https:\\\/\\\/fundoprimatera.org.br\\\/site\\\/tiago-edson-simkunas-segura\\\/#primaryimage\"},\"thumbnailUrl\":\"https:\\\/\\\/fundoprimatera.org.br\\\/site\\\/wp-content\\\/uploads\\\/2019\\\/05\\\/06-150x150.jpg\",\"datePublished\":\"2019-05-27T17:27:00+00:00\",\"dateModified\":\"2023-04-03T16:26:05+00:00\",\"breadcrumb\":{\"@id\":\"https:\\\/\\\/fundoprimatera.org.br\\\/site\\\/tiago-edson-simkunas-segura\\\/#breadcrumb\"},\"inLanguage\":\"pt-BR\",\"potentialAction\":[{\"@type\":\"ReadAction\",\"target\":[\"https:\\\/\\\/fundoprimatera.org.br\\\/site\\\/tiago-edson-simkunas-segura\\\/\"]}]},{\"@type\":\"ImageObject\",\"inLanguage\":\"pt-BR\",\"@id\":\"https:\\\/\\\/fundoprimatera.org.br\\\/site\\\/tiago-edson-simkunas-segura\\\/#primaryimage\",\"url\":\"https:\\\/\\\/fundoprimatera.org.br\\\/site\\\/wp-content\\\/uploads\\\/2019\\\/05\\\/06.jpg\",\"contentUrl\":\"https:\\\/\\\/fundoprimatera.org.br\\\/site\\\/wp-content\\\/uploads\\\/2019\\\/05\\\/06.jpg\",\"width\":250,\"height\":250},{\"@type\":\"BreadcrumbList\",\"@id\":\"https:\\\/\\\/fundoprimatera.org.br\\\/site\\\/tiago-edson-simkunas-segura\\\/#breadcrumb\",\"itemListElement\":[{\"@type\":\"ListItem\",\"position\":1,\"name\":\"In\u00edcio\",\"item\":\"https:\\\/\\\/fundoprimatera.org.br\\\/site\\\/\"},{\"@type\":\"ListItem\",\"position\":2,\"name\":\"Tiago Edson Simkunas Segura\"}]},{\"@type\":\"WebSite\",\"@id\":\"https:\\\/\\\/fundoprimatera.org.br\\\/site\\\/#website\",\"url\":\"https:\\\/\\\/fundoprimatera.org.br\\\/site\\\/\",\"name\":\"Primatera Fundo Patrimonial\",\"description\":\"Primatera Fundo Patrimonial\",\"potentialAction\":[{\"@type\":\"SearchAction\",\"target\":{\"@type\":\"EntryPoint\",\"urlTemplate\":\"https:\\\/\\\/fundoprimatera.org.br\\\/site\\\/?s={search_term_string}\"},\"query-input\":{\"@type\":\"PropertyValueSpecification\",\"valueRequired\":true,\"valueName\":\"search_term_string\"}}],\"inLanguage\":\"pt-BR\"}]}<\/script>\n<!-- \/ Yoast SEO plugin. -->","yoast_head_json":{"title":"Tiago Edson Simkunas Segura - Primatera Fundo Patrimonial","robots":{"index":"index","follow":"follow","max-snippet":"max-snippet:-1","max-image-preview":"max-image-preview:large","max-video-preview":"max-video-preview:-1"},"canonical":"https:\/\/fundoprimatera.org.br\/site\/tiago-edson-simkunas-segura\/","og_locale":"pt_BR","og_type":"article","og_title":"Tiago Edson Simkunas Segura - Primatera Fundo Patrimonial","og_description":"Tiago Segura Suzano Engenheiro Florestal formado pela Universidade de S\u00e3o Paulo, com parte da gradua\u00e7\u00e3o realizada na Escola Nacional de \u00c1guas e Florestas da Fran\u00e7a, Tiago possui Mestrado e Doutorado em Recursos Florestais, na \u00e1rea de qualidade da madeira e processos de produ\u00e7\u00e3o de celulose. Foi estagi\u00e1rio do Laborat\u00f3rio de Qu\u00edmica, Celulose e Energia (ESALQ-USP), [&hellip;]","og_url":"https:\/\/fundoprimatera.org.br\/site\/tiago-edson-simkunas-segura\/","og_site_name":"Primatera Fundo Patrimonial","article_modified_time":"2023-04-03T16:26:05+00:00","og_image":[{"url":"https:\/\/fundoprimatera.org.br\/site\/wp-content\/uploads\/2019\/05\/06-150x150.jpg","type":"","width":"","height":""}],"twitter_card":"summary_large_image","twitter_misc":{"Est. tempo de leitura":"1 minuto"},"schema":{"@context":"https:\/\/schema.org","@graph":[{"@type":"WebPage","@id":"https:\/\/fundoprimatera.org.br\/site\/tiago-edson-simkunas-segura\/","url":"https:\/\/fundoprimatera.org.br\/site\/tiago-edson-simkunas-segura\/","name":"Tiago Edson Simkunas Segura - Primatera Fundo Patrimonial","isPartOf":{"@id":"https:\/\/fundoprimatera.org.br\/site\/#website"},"primaryImageOfPage":{"@id":"https:\/\/fundoprimatera.org.br\/site\/tiago-edson-simkunas-segura\/#primaryimage"},"image":{"@id":"https:\/\/fundoprimatera.org.br\/site\/tiago-edson-simkunas-segura\/#primaryimage"},"thumbnailUrl":"https:\/\/fundoprimatera.org.br\/site\/wp-content\/uploads\/2019\/05\/06-150x150.jpg","datePublished":"2019-05-27T17:27:00+00:00","dateModified":"2023-04-03T16:26:05+00:00","breadcrumb":{"@id":"https:\/\/fundoprimatera.org.br\/site\/tiago-edson-simkunas-segura\/#breadcrumb"},"inLanguage":"pt-BR","potentialAction":[{"@type":"ReadAction","target":["https:\/\/fundoprimatera.org.br\/site\/tiago-edson-simkunas-segura\/"]}]},{"@type":"ImageObject","inLanguage":"pt-BR","@id":"https:\/\/fundoprimatera.org.br\/site\/tiago-edson-simkunas-segura\/#primaryimage","url":"https:\/\/fundoprimatera.org.br\/site\/wp-content\/uploads\/2019\/05\/06.jpg","contentUrl":"https:\/\/fundoprimatera.org.br\/site\/wp-content\/uploads\/2019\/05\/06.jpg","width":250,"height":250},{"@type":"BreadcrumbList","@id":"https:\/\/fundoprimatera.org.br\/site\/tiago-edson-simkunas-segura\/#breadcrumb","itemListElement":[{"@type":"ListItem","position":1,"name":"In\u00edcio","item":"https:\/\/fundoprimatera.org.br\/site\/"},{"@type":"ListItem","position":2,"name":"Tiago Edson Simkunas Segura"}]},{"@type":"WebSite","@id":"https:\/\/fundoprimatera.org.br\/site\/#website","url":"https:\/\/fundoprimatera.org.br\/site\/","name":"Primatera Fundo Patrimonial","description":"Primatera Fundo Patrimonial","potentialAction":[{"@type":"SearchAction","target":{"@type":"EntryPoint","urlTemplate":"https:\/\/fundoprimatera.org.br\/site\/?s={search_term_string}"},"query-input":{"@type":"PropertyValueSpecification","valueRequired":true,"valueName":"search_term_string"}}],"inLanguage":"pt-BR"}]}},"_links":{"self":[{"href":"https:\/\/fundoprimatera.org.br\/site\/wp-json\/wp\/v2\/pages\/1625","targetHints":{"allow":["GET"]}}],"collection":[{"href":"https:\/\/fundoprimatera.org.br\/site\/wp-json\/wp\/v2\/pages"}],"about":[{"href":"https:\/\/fundoprimatera.org.br\/site\/wp-json\/wp\/v2\/types\/page"}],"author":[{"embeddable":true,"href":"https:\/\/fundoprimatera.org.br\/site\/wp-json\/wp\/v2\/users\/1"}],"replies":[{"embeddable":true,"href":"https:\/\/fundoprimatera.org.br\/site\/wp-json\/wp\/v2\/comments?post=1625"}],"version-history":[{"count":7,"href":"https:\/\/fundoprimatera.org.br\/site\/wp-json\/wp\/v2\/pages\/1625\/revisions"}],"predecessor-version":[{"id":1938,"href":"https:\/\/fundoprimatera.org.br\/site\/wp-json\/wp\/v2\/pages\/1625\/revisions\/1938"}],"wp:attachment":[{"href":"https:\/\/fundoprimatera.org.br\/site\/wp-json\/wp\/v2\/media?parent=1625"}],"curies":[{"name":"wp","href":"https:\/\/api.w.org\/{rel}","templated":true}]}}