{"id":1619,"date":"2019-05-27T14:22:01","date_gmt":"2019-05-27T17:22:01","guid":{"rendered":"https:\/\/fbef.org.br\/?page_id=1619"},"modified":"2023-04-03T13:24:21","modified_gmt":"2023-04-03T16:24:21","slug":"joao-comerio","status":"publish","type":"page","link":"https:\/\/fundoprimatera.org.br\/site\/joao-comerio\/","title":{"rendered":"Jo\u00e3o Com\u00e9rio\u200b"},"content":{"rendered":"\t\t<div data-elementor-type=\"wp-post\" data-elementor-id=\"1619\" class=\"elementor elementor-1619\" data-elementor-post-type=\"page\">\n\t\t\t\t\t\t<section class=\"elementor-section elementor-inner-section elementor-element elementor-element-2fc5f72a elementor-section-boxed elementor-section-height-default elementor-section-height-default\" data-id=\"2fc5f72a\" data-element_type=\"section\" data-e-type=\"section\">\n\t\t\t\t\t\t<div class=\"elementor-container elementor-column-gap-no\">\n\t\t\t\t\t<div class=\"elementor-column elementor-col-100 elementor-inner-column elementor-element elementor-element-30bab3fa elementor-invisible\" data-id=\"30bab3fa\" data-element_type=\"column\" data-e-type=\"column\" data-settings=\"{&quot;background_background&quot;:&quot;classic&quot;,&quot;animation&quot;:&quot;fadeInUp&quot;}\">\n\t\t\t<div class=\"elementor-widget-wrap elementor-element-populated\">\n\t\t\t\t\t\t<div class=\"elementor-element elementor-element-585a5b00 elementor-widget elementor-widget-image\" data-id=\"585a5b00\" data-element_type=\"widget\" data-e-type=\"widget\" data-widget_type=\"image.default\">\n\t\t\t\t<div class=\"elementor-widget-container\">\n\t\t\t\t\t\t\t\t\t\t\t\t\t\t\t<img decoding=\"async\" width=\"150\" height=\"150\" src=\"https:\/\/fundoprimatera.org.br\/site\/wp-content\/uploads\/2019\/05\/02-150x150.jpg\" class=\"attachment-thumbnail size-thumbnail wp-image-62\" alt=\"\" srcset=\"https:\/\/fundoprimatera.org.br\/site\/wp-content\/uploads\/2019\/05\/02-150x150.jpg 150w, https:\/\/fundoprimatera.org.br\/site\/wp-content\/uploads\/2019\/05\/02.jpg 250w\" sizes=\"(max-width: 150px) 100vw, 150px\" \/>\t\t\t\t\t\t\t\t\t\t\t\t\t\t\t<\/div>\n\t\t\t\t<\/div>\n\t\t\t\t<div class=\"elementor-element elementor-element-560abf8d elementor-widget elementor-widget-heading\" data-id=\"560abf8d\" data-element_type=\"widget\" data-e-type=\"widget\" data-widget_type=\"heading.default\">\n\t\t\t\t<div class=\"elementor-widget-container\">\n\t\t\t\t\t<h2 class=\"elementor-heading-title elementor-size-large\">Jo\u00e3o Com\u00e9rio<\/h2>\t\t\t\t<\/div>\n\t\t\t\t<\/div>\n\t\t\t\t<div class=\"elementor-element elementor-element-2f3cc82f elementor-widget elementor-widget-heading\" data-id=\"2f3cc82f\" data-element_type=\"widget\" data-e-type=\"widget\" data-widget_type=\"heading.default\">\n\t\t\t\t<div class=\"elementor-widget-container\">\n\t\t\t\t\t<h2 class=\"elementor-heading-title elementor-size-large\">Innovatech<\/h2>\t\t\t\t<\/div>\n\t\t\t\t<\/div>\n\t\t\t\t<div class=\"elementor-element elementor-element-4645e13c elementor-widget elementor-widget-text-editor\" data-id=\"4645e13c\" data-element_type=\"widget\" data-e-type=\"widget\" data-widget_type=\"text-editor.default\">\n\t\t\t\t<div class=\"elementor-widget-container\">\n\t\t\t\t\t\t\t\t\t<p><span lang=\"PT-BR\">S\u00f3cio-fundador, CEO e Presidente do Conselho do Grupo Innovatech (Innovatech Consultoria, Innovatech Gest\u00e3o, Auctus Intelig\u00eancia Aumentada e Filius Venture). Formado em Engenharia Florestal pela Universidade Federal de Vi\u00e7osa, com Especializa\u00e7\u00e3o em Princ\u00edpios de Gest\u00e3o pela Columbia University, EUA.<\/span><\/p><p><span lang=\"PT-BR\">Antes de\u00a0fundar\u00a0a Innovatech Jo\u00e3o trabalhou na International Paper como Gerente de Tecnologia, Diretor Florestal, Diretor de Produtos\u00a0de Madeira, Vice Presidente e Diretor de Planejamento Estrat\u00e9gico Global\u200b em Memphis Tennessee. Foi tamb\u00e9m Diretor Executivo da Suzano Papel e Celulose onde acumulava as fun\u00e7\u00f5es de\u00a0Head\u00a0da Unidade de Neg\u00f3cio Florestal, de Rela\u00e7\u00f5es Institucionais e\u00a0Sustentabilidade\u200b.<\/span><\/p><p><span lang=\"PT-BR\">Qualificado como Conselheiro pelo IBGC (Instituto Brasileiro de Governan\u00e7a Corporativa), \u00e9 membro de Conselhos de empresas e Associa\u00e7\u00f5es Setoriais.<\/span><\/p>\t\t\t\t\t\t\t\t<\/div>\n\t\t\t\t<\/div>\n\t\t\t\t\t<\/div>\n\t\t<\/div>\n\t\t\t\t\t<\/div>\n\t\t<\/section>\n\t\t\t\t<\/div>\n\t\t","protected":false},"excerpt":{"rendered":"<p>Jo\u00e3o Com\u00e9rio Innovatech S\u00f3cio-fundador, CEO e Presidente do Conselho do Grupo Innovatech (Innovatech Consultoria, Innovatech Gest\u00e3o, Auctus Intelig\u00eancia Aumentada e Filius Venture). Formado em Engenharia Florestal pela Universidade Federal de Vi\u00e7osa, com Especializa\u00e7\u00e3o em Princ\u00edpios de Gest\u00e3o pela Columbia University, EUA. Antes de\u00a0fundar\u00a0a Innovatech Jo\u00e3o trabalhou na International Paper como Gerente de Tecnologia, Diretor Florestal, [&hellip;]<\/p>\n","protected":false},"author":1,"featured_media":0,"parent":0,"menu_order":0,"comment_status":"closed","ping_status":"closed","template":"page-elementor.php","meta":{"footnotes":""},"class_list":["post-1619","page","type-page","status-publish","hentry"],"yoast_head":"<!-- This site is optimized with the Yoast SEO plugin v27.5 - https:\/\/yoast.com\/product\/yoast-seo-wordpress\/ -->\n<title>Jo\u00e3o Com\u00e9rio\u200b - Primatera Fundo Patrimonial<\/title>\n<meta name=\"robots\" content=\"index, follow, max-snippet:-1, max-image-preview:large, max-video-preview:-1\" \/>\n<link rel=\"canonical\" href=\"https:\/\/fundoprimatera.org.br\/site\/joao-comerio\/\" \/>\n<meta property=\"og:locale\" content=\"pt_BR\" \/>\n<meta property=\"og:type\" content=\"article\" \/>\n<meta property=\"og:title\" content=\"Jo\u00e3o Com\u00e9rio\u200b - Primatera Fundo Patrimonial\" \/>\n<meta property=\"og:description\" content=\"Jo\u00e3o Com\u00e9rio Innovatech S\u00f3cio-fundador, CEO e Presidente do Conselho do Grupo Innovatech (Innovatech Consultoria, Innovatech Gest\u00e3o, Auctus Intelig\u00eancia Aumentada e Filius Venture). Formado em Engenharia Florestal pela Universidade Federal de Vi\u00e7osa, com Especializa\u00e7\u00e3o em Princ\u00edpios de Gest\u00e3o pela Columbia University, EUA. Antes de\u00a0fundar\u00a0a Innovatech Jo\u00e3o trabalhou na International Paper como Gerente de Tecnologia, Diretor Florestal, [&hellip;]\" \/>\n<meta property=\"og:url\" content=\"https:\/\/fundoprimatera.org.br\/site\/joao-comerio\/\" \/>\n<meta property=\"og:site_name\" content=\"Primatera Fundo Patrimonial\" \/>\n<meta property=\"article:modified_time\" content=\"2023-04-03T16:24:21+00:00\" \/>\n<meta property=\"og:image\" content=\"https:\/\/fundoprimatera.org.br\/site\/wp-content\/uploads\/2019\/05\/02-150x150.jpg\" \/>\n<meta name=\"twitter:card\" content=\"summary_large_image\" \/>\n<meta name=\"twitter:label1\" content=\"Est. tempo de leitura\" \/>\n\t<meta name=\"twitter:data1\" content=\"1 minuto\" \/>\n<script type=\"application\/ld+json\" class=\"yoast-schema-graph\">{\"@context\":\"https:\\\/\\\/schema.org\",\"@graph\":[{\"@type\":\"WebPage\",\"@id\":\"https:\\\/\\\/fundoprimatera.org.br\\\/site\\\/joao-comerio\\\/\",\"url\":\"https:\\\/\\\/fundoprimatera.org.br\\\/site\\\/joao-comerio\\\/\",\"name\":\"Jo\u00e3o Com\u00e9rio\u200b - Primatera Fundo Patrimonial\",\"isPartOf\":{\"@id\":\"https:\\\/\\\/fundoprimatera.org.br\\\/site\\\/#website\"},\"primaryImageOfPage\":{\"@id\":\"https:\\\/\\\/fundoprimatera.org.br\\\/site\\\/joao-comerio\\\/#primaryimage\"},\"image\":{\"@id\":\"https:\\\/\\\/fundoprimatera.org.br\\\/site\\\/joao-comerio\\\/#primaryimage\"},\"thumbnailUrl\":\"https:\\\/\\\/fundoprimatera.org.br\\\/site\\\/wp-content\\\/uploads\\\/2019\\\/05\\\/02-150x150.jpg\",\"datePublished\":\"2019-05-27T17:22:01+00:00\",\"dateModified\":\"2023-04-03T16:24:21+00:00\",\"breadcrumb\":{\"@id\":\"https:\\\/\\\/fundoprimatera.org.br\\\/site\\\/joao-comerio\\\/#breadcrumb\"},\"inLanguage\":\"pt-BR\",\"potentialAction\":[{\"@type\":\"ReadAction\",\"target\":[\"https:\\\/\\\/fundoprimatera.org.br\\\/site\\\/joao-comerio\\\/\"]}]},{\"@type\":\"ImageObject\",\"inLanguage\":\"pt-BR\",\"@id\":\"https:\\\/\\\/fundoprimatera.org.br\\\/site\\\/joao-comerio\\\/#primaryimage\",\"url\":\"https:\\\/\\\/fundoprimatera.org.br\\\/site\\\/wp-content\\\/uploads\\\/2019\\\/05\\\/02.jpg\",\"contentUrl\":\"https:\\\/\\\/fundoprimatera.org.br\\\/site\\\/wp-content\\\/uploads\\\/2019\\\/05\\\/02.jpg\",\"width\":250,\"height\":250},{\"@type\":\"BreadcrumbList\",\"@id\":\"https:\\\/\\\/fundoprimatera.org.br\\\/site\\\/joao-comerio\\\/#breadcrumb\",\"itemListElement\":[{\"@type\":\"ListItem\",\"position\":1,\"name\":\"In\u00edcio\",\"item\":\"https:\\\/\\\/fundoprimatera.org.br\\\/site\\\/\"},{\"@type\":\"ListItem\",\"position\":2,\"name\":\"Jo\u00e3o Com\u00e9rio\u200b\"}]},{\"@type\":\"WebSite\",\"@id\":\"https:\\\/\\\/fundoprimatera.org.br\\\/site\\\/#website\",\"url\":\"https:\\\/\\\/fundoprimatera.org.br\\\/site\\\/\",\"name\":\"Primatera Fundo Patrimonial\",\"description\":\"Primatera Fundo Patrimonial\",\"potentialAction\":[{\"@type\":\"SearchAction\",\"target\":{\"@type\":\"EntryPoint\",\"urlTemplate\":\"https:\\\/\\\/fundoprimatera.org.br\\\/site\\\/?s={search_term_string}\"},\"query-input\":{\"@type\":\"PropertyValueSpecification\",\"valueRequired\":true,\"valueName\":\"search_term_string\"}}],\"inLanguage\":\"pt-BR\"}]}<\/script>\n<!-- \/ Yoast SEO plugin. -->","yoast_head_json":{"title":"Jo\u00e3o Com\u00e9rio\u200b - Primatera Fundo Patrimonial","robots":{"index":"index","follow":"follow","max-snippet":"max-snippet:-1","max-image-preview":"max-image-preview:large","max-video-preview":"max-video-preview:-1"},"canonical":"https:\/\/fundoprimatera.org.br\/site\/joao-comerio\/","og_locale":"pt_BR","og_type":"article","og_title":"Jo\u00e3o Com\u00e9rio\u200b - Primatera Fundo Patrimonial","og_description":"Jo\u00e3o Com\u00e9rio Innovatech S\u00f3cio-fundador, CEO e Presidente do Conselho do Grupo Innovatech (Innovatech Consultoria, Innovatech Gest\u00e3o, Auctus Intelig\u00eancia Aumentada e Filius Venture). Formado em Engenharia Florestal pela Universidade Federal de Vi\u00e7osa, com Especializa\u00e7\u00e3o em Princ\u00edpios de Gest\u00e3o pela Columbia University, EUA. Antes de\u00a0fundar\u00a0a Innovatech Jo\u00e3o trabalhou na International Paper como Gerente de Tecnologia, Diretor Florestal, [&hellip;]","og_url":"https:\/\/fundoprimatera.org.br\/site\/joao-comerio\/","og_site_name":"Primatera Fundo Patrimonial","article_modified_time":"2023-04-03T16:24:21+00:00","og_image":[{"url":"https:\/\/fundoprimatera.org.br\/site\/wp-content\/uploads\/2019\/05\/02-150x150.jpg","type":"","width":"","height":""}],"twitter_card":"summary_large_image","twitter_misc":{"Est. tempo de leitura":"1 minuto"},"schema":{"@context":"https:\/\/schema.org","@graph":[{"@type":"WebPage","@id":"https:\/\/fundoprimatera.org.br\/site\/joao-comerio\/","url":"https:\/\/fundoprimatera.org.br\/site\/joao-comerio\/","name":"Jo\u00e3o Com\u00e9rio\u200b - Primatera Fundo Patrimonial","isPartOf":{"@id":"https:\/\/fundoprimatera.org.br\/site\/#website"},"primaryImageOfPage":{"@id":"https:\/\/fundoprimatera.org.br\/site\/joao-comerio\/#primaryimage"},"image":{"@id":"https:\/\/fundoprimatera.org.br\/site\/joao-comerio\/#primaryimage"},"thumbnailUrl":"https:\/\/fundoprimatera.org.br\/site\/wp-content\/uploads\/2019\/05\/02-150x150.jpg","datePublished":"2019-05-27T17:22:01+00:00","dateModified":"2023-04-03T16:24:21+00:00","breadcrumb":{"@id":"https:\/\/fundoprimatera.org.br\/site\/joao-comerio\/#breadcrumb"},"inLanguage":"pt-BR","potentialAction":[{"@type":"ReadAction","target":["https:\/\/fundoprimatera.org.br\/site\/joao-comerio\/"]}]},{"@type":"ImageObject","inLanguage":"pt-BR","@id":"https:\/\/fundoprimatera.org.br\/site\/joao-comerio\/#primaryimage","url":"https:\/\/fundoprimatera.org.br\/site\/wp-content\/uploads\/2019\/05\/02.jpg","contentUrl":"https:\/\/fundoprimatera.org.br\/site\/wp-content\/uploads\/2019\/05\/02.jpg","width":250,"height":250},{"@type":"BreadcrumbList","@id":"https:\/\/fundoprimatera.org.br\/site\/joao-comerio\/#breadcrumb","itemListElement":[{"@type":"ListItem","position":1,"name":"In\u00edcio","item":"https:\/\/fundoprimatera.org.br\/site\/"},{"@type":"ListItem","position":2,"name":"Jo\u00e3o Com\u00e9rio\u200b"}]},{"@type":"WebSite","@id":"https:\/\/fundoprimatera.org.br\/site\/#website","url":"https:\/\/fundoprimatera.org.br\/site\/","name":"Primatera Fundo Patrimonial","description":"Primatera Fundo Patrimonial","potentialAction":[{"@type":"SearchAction","target":{"@type":"EntryPoint","urlTemplate":"https:\/\/fundoprimatera.org.br\/site\/?s={search_term_string}"},"query-input":{"@type":"PropertyValueSpecification","valueRequired":true,"valueName":"search_term_string"}}],"inLanguage":"pt-BR"}]}},"_links":{"self":[{"href":"https:\/\/fundoprimatera.org.br\/site\/wp-json\/wp\/v2\/pages\/1619","targetHints":{"allow":["GET"]}}],"collection":[{"href":"https:\/\/fundoprimatera.org.br\/site\/wp-json\/wp\/v2\/pages"}],"about":[{"href":"https:\/\/fundoprimatera.org.br\/site\/wp-json\/wp\/v2\/types\/page"}],"author":[{"embeddable":true,"href":"https:\/\/fundoprimatera.org.br\/site\/wp-json\/wp\/v2\/users\/1"}],"replies":[{"embeddable":true,"href":"https:\/\/fundoprimatera.org.br\/site\/wp-json\/wp\/v2\/comments?post=1619"}],"version-history":[{"count":7,"href":"https:\/\/fundoprimatera.org.br\/site\/wp-json\/wp\/v2\/pages\/1619\/revisions"}],"predecessor-version":[{"id":1929,"href":"https:\/\/fundoprimatera.org.br\/site\/wp-json\/wp\/v2\/pages\/1619\/revisions\/1929"}],"wp:attachment":[{"href":"https:\/\/fundoprimatera.org.br\/site\/wp-json\/wp\/v2\/media?parent=1619"}],"curies":[{"name":"wp","href":"https:\/\/api.w.org\/{rel}","templated":true}]}}

João Comério​

<div data-elementor-type="wp-post" data-elementor-id="1619" class="elementor elementor-1619" data-elementor-post-type="page">
						<section class="elementor-section elementor-inner-section elementor-element elementor-element-2fc5f72a elementor-section-boxed elementor-section-height-default elementor-section-height-default" data-id="2fc5f72a" data-element_type="section" data-e-type="section">
						<div class="elementor-container elementor-column-gap-no">
					<div class="elementor-column elementor-col-100 elementor-inner-column elementor-element elementor-element-30bab3fa elementor-invisible" data-id="30bab3fa" data-element_type="column" data-e-type="column" data-settings="{&quot;background_background&quot;:&quot;classic&quot;,&quot;animation&quot;:&quot;fadeInUp&quot;}">
			<div class="elementor-widget-wrap elementor-element-populated">
						<div class="elementor-element elementor-element-585a5b00 elementor-widget elementor-widget-image" data-id="585a5b00" data-element_type="widget" data-e-type="widget" data-widget_type="image.default">
				<div class="elementor-widget-container">
															<img decoding="async" width="150" height="150" src="https://fundoprimatera.org.br/site/wp-content/uploads/2019/05/02-150x150.jpg" class="attachment-thumbnail size-thumbnail wp-image-62" alt="" srcset="https://fundoprimatera.org.br/site/wp-content/uploads/2019/05/02-150x150.jpg 150w, https://fundoprimatera.org.br/site/wp-content/uploads/2019/05/02.jpg 250w" sizes="(max-width: 150px) 100vw, 150px" />															</div>
				</div>
				<div class="elementor-element elementor-element-560abf8d elementor-widget elementor-widget-heading" data-id="560abf8d" data-element_type="widget" data-e-type="widget" data-widget_type="heading.default">
				<div class="elementor-widget-container">
					<h2 class="elementor-heading-title elementor-size-large">João Comério</h2>				</div>
				</div>
				<div class="elementor-element elementor-element-2f3cc82f elementor-widget elementor-widget-heading" data-id="2f3cc82f" data-element_type="widget" data-e-type="widget" data-widget_type="heading.default">
				<div class="elementor-widget-container">
					<h2 class="elementor-heading-title elementor-size-large">Innovatech</h2>				</div>
				</div>
				<div class="elementor-element elementor-element-4645e13c elementor-widget elementor-widget-text-editor" data-id="4645e13c" data-element_type="widget" data-e-type="widget" data-widget_type="text-editor.default">
				<div class="elementor-widget-container">
									<p><span lang="PT-BR">Sócio-fundador, CEO e Presidente do Conselho do Grupo Innovatech (Innovatech Consultoria, Innovatech Gestão, Auctus Inteligência Aumentada e Filius Venture). Formado em Engenharia Florestal pela Universidade Federal de Viçosa, com Especialização em Princípios de Gestão pela Columbia University, EUA.</span></p><p><span lang="PT-BR">Antes de fundar a Innovatech João trabalhou na International Paper como Gerente de Tecnologia, Diretor Florestal, Diretor de Produtos de Madeira, Vice Presidente e Diretor de Planejamento Estratégico Global​ em Memphis Tennessee. Foi também Diretor Executivo da Suzano Papel e Celulose onde acumulava as funções de Head da Unidade de Negócio Florestal, de Relações Institucionais e Sustentabilidade​.</span></p><p><span lang="PT-BR">Qualificado como Conselheiro pelo IBGC (Instituto Brasileiro de Governança Corporativa), é membro de Conselhos de empresas e Associações Setoriais.</span></p>								</div>
				</div>
					</div>
		</div>
					</div>
		</section>
				</div>

<p>João Comério Innovatech Sócio-fundador, CEO e Presidente do Conselho do Grupo Innovatech (Innovatech Consultoria, Innovatech Gestão, Auctus Inteligência Aumentada e Filius Venture). Formado em Engenharia Florestal pela Universidade Federal de Viçosa, com Especialização em Princípios de Gestão pela Columbia University, EUA. Antes de fundar a Innovatech João trabalhou na International Paper como Gerente de Tecnologia, Diretor Florestal, [&hellip;]</p>

<!-- This site is optimized with the Yoast SEO plugin v27.5 - https://yoast.com/product/yoast-seo-wordpress/ -->
<title>João Comério​ - Primatera Fundo Patrimonial</title>
<meta name="robots" content="index, follow, max-snippet:-1, max-image-preview:large, max-video-preview:-1" />
<link rel="canonical" href="https://fundoprimatera.org.br/site/joao-comerio/" />
<meta property="og:locale" content="pt_BR" />
<meta property="og:type" content="article" />
<meta property="og:title" content="João Comério​ - Primatera Fundo Patrimonial" />
<meta property="og:description" content="João Comério Innovatech Sócio-fundador, CEO e Presidente do Conselho do Grupo Innovatech (Innovatech Consultoria, Innovatech Gestão, Auctus Inteligência Aumentada e Filius Venture). Formado em Engenharia Florestal pela Universidade Federal de Viçosa, com Especialização em Princípios de Gestão pela Columbia University, EUA. Antes de fundar a Innovatech João trabalhou na International Paper como Gerente de Tecnologia, Diretor Florestal, [&hellip;]" />
<meta property="og:url" content="https://fundoprimatera.org.br/site/joao-comerio/" />
<meta property="og:site_name" content="Primatera Fundo Patrimonial" />
<meta property="article:modified_time" content="2023-04-03T16:24:21+00:00" />
<meta property="og:image" content="https://fundoprimatera.org.br/site/wp-content/uploads/2019/05/02-150x150.jpg" />
<meta name="twitter:card" content="summary_large_image" />
<meta name="twitter:label1" content="Est. tempo de leitura" />
	<meta name="twitter:data1" content="1 minuto" />
<script type="application/ld+json" class="yoast-schema-graph">{"@context":"https:\/\/schema.org","@graph":[{"@type":"WebPage","@id":"https:\/\/fundoprimatera.org.br\/site\/joao-comerio\/","url":"https:\/\/fundoprimatera.org.br\/site\/joao-comerio\/","name":"João Comério​ - Primatera Fundo Patrimonial","isPartOf":{"@id":"https:\/\/fundoprimatera.org.br\/site\/#website"},"primaryImageOfPage":{"@id":"https:\/\/fundoprimatera.org.br\/site\/joao-comerio\/#primaryimage"},"image":{"@id":"https:\/\/fundoprimatera.org.br\/site\/joao-comerio\/#primaryimage"},"thumbnailUrl":"https:\/\/fundoprimatera.org.br\/site\/wp-content\/uploads\/2019\/05\/02-150x150.jpg","datePublished":"2019-05-27T17:22:01+00:00","dateModified":"2023-04-03T16:24:21+00:00","breadcrumb":{"@id":"https:\/\/fundoprimatera.org.br\/site\/joao-comerio\/#breadcrumb"},"inLanguage":"pt-BR","potentialAction":[{"@type":"ReadAction","target":["https:\/\/fundoprimatera.org.br\/site\/joao-comerio\/"]}]},{"@type":"ImageObject","inLanguage":"pt-BR","@id":"https:\/\/fundoprimatera.org.br\/site\/joao-comerio\/#primaryimage","url":"https:\/\/fundoprimatera.org.br\/site\/wp-content\/uploads\/2019\/05\/02.jpg","contentUrl":"https:\/\/fundoprimatera.org.br\/site\/wp-content\/uploads\/2019\/05\/02.jpg","width":250,"height":250},{"@type":"BreadcrumbList","@id":"https:\/\/fundoprimatera.org.br\/site\/joao-comerio\/#breadcrumb","itemListElement":[{"@type":"ListItem","position":1,"name":"Início","item":"https:\/\/fundoprimatera.org.br\/site\/"},{"@type":"ListItem","position":2,"name":"João Comério​"}]},{"@type":"WebSite","@id":"https:\/\/fundoprimatera.org.br\/site\/#website","url":"https:\/\/fundoprimatera.org.br\/site\/","name":"Primatera Fundo Patrimonial","description":"Primatera Fundo Patrimonial","potentialAction":[{"@type":"SearchAction","target":{"@type":"EntryPoint","urlTemplate":"https:\/\/fundoprimatera.org.br\/site\/?s={search_term_string}"},"query-input":{"@type":"PropertyValueSpecification","valueRequired":true,"valueName":"search_term_string"}}],"inLanguage":"pt-BR"}]}</script>
<!-- / Yoast SEO plugin. -->

João Comério​ - Primatera Fundo Patrimonial

João Comério Innovatech Sócio-fundador, CEO e Presidente do Conselho do Grupo Innovatech (Innovatech Consultoria, Innovatech Gestão, Auctus Inteligência Aumentada e Filius Venture). Formado em Engenharia Florestal pela Universidade Federal de Viçosa, com Especialização em Princípios de Gestão pela Columbia University, EUA. Antes de fundar a Innovatech João trabalhou na International Paper como Gerente de Tecnologia, Diretor Florestal, [&hellip;]

Início
